 of 18 and k?
6
Suppose 0 = -2*g + 14 + 62. Let c = 10 + 9. What is the greatest common factor of g and c?
19
Let a = -17 - -101. Suppose 0 = 3*d - 18 + 3. Suppose -d*g + 359 = a. What is the greatest common factor of 11 and g?
11
Let n = -2 + 1. Let k be n - -1 - 4/(-2). Let f be 110 - 2*2/k. Calculate the highest common factor of f and 12.
12
Let k be (1*-1)/((-17)/612). What is the highest common divisor of 12 and k?
12
Suppose -2*p = -7*p. Suppose -48 = -p*d + d. Let g be d/3*(-2)/4. What is the greatest common factor of 8 and g?
8
Let w be (-420)/(-15)*(2 + 0). Calculate the greatest common divisor of 56 and w.
56
Let i = 66 - 31. Suppose 4*b + b = i. Calculate the greatest common factor of b and 77.
7
Let w(c) = c**2 + 4*c + 5. Let d be w(-4). Let z(x) = x**3 - 14 + 16 + 6*x - 3*x**2 - 4*x. Let k be z(2). Calculate the highest common factor of d and k.
1
Suppose 5*u + 9 = -t, 0*t = t + 2*u. Let w(b) = 3*b - 11. Let m be w(5). Calculate the greatest common factor of m and t.
2
Let y = -18 + 36. Suppose -4*w + 36 = -0*w. What is the greatest common divisor of y and w?
9
Suppose 2*f - 7*f = -15, h - 55 = -5*f. Let y = 22 - 14. What is the greatest common factor of h and y?
8
Suppose o - 7*v + 4*v - 12 = 0, 0 = -4*o - v + 9. Let c(q) = q + 13. Let w be c(-10). Suppose -72 = -w*l - 0*l. Calculate the highest common divisor of o and l.
3
Let f = -13 - -18. Suppose 328 = f*p + 8. What is the highest common divisor of 8 and p?
8
Let a(o) = o**3 - 6*o**2 + 9*o - 3. Let q be a(6). Suppose 2*s + z = -s + 55, -67 = -3*s - 4*z. Calculate the highest common factor of q and s.
17
Suppose -4 - 8 = -4*z. Calculate the highest common factor of 9 and z.
3
Let i be (24/(-28))/((-2)/14). Let y be 200/i*54/45. Calculate the greatest common factor of 60 and y.
20
Suppose 0 = j - 2*j + 4*r + 25, -3*r + 6 = 2*j. What is the greatest common factor of j and 27?
9
Let q(c) be the first derivative of -c**3/3 - 5*c**2/2 + 7*c + 1. Let u be q(-5). What is the highest common factor of u and 14?
7
Suppose 0 = 3*i + f - 53, 3*i + 2*f - 9 - 43 = 0. Suppose 203 = 6*r - 67. Calculate the greatest common divisor of r and i.
9
Let v(b) = -b**2 - 17*b + 5. Let m be v(-17). Calculate the greatest common divisor of 35 and m.
5
Let z(c) = 2*c**2 + 9*c + 6. Suppose 3*k = 4*k + 12. Let g = -18 - k. Let u be z(g). Calculate the highest common divisor of u and 12.
12
Suppose 279 = 2*a + 75. Suppose 5*n + 12 = a. What is the greatest common divisor of 9 and n?
9
Let i be (-3)/(-6) - (-1 + (-67)/2). What is the highest common divisor of 7 and i?
7
Suppose -y = -2*x + 100, 3*y = -2*x - 2*y + 88. Let o(p) = -4*p**3 + p**2 - p. Let s be o(1). Let m = s + x. Calculate the highest common factor of 18 and m.
9
Let u(r) = -r**3 + 3. Let x be u(-3). Calculate the highest common divisor of 15 and x.
15
Let g = 110 - 50. Let f = 5 + 7. Calculate the greatest common factor of f and g.
12
Suppose -2*y - 3*m + 74 = 0, 14 = 3*y - 3*m - 127. Suppose -y - 5 = -2*n. Calculate the highest common factor of n and 12.
12
Suppose -3*r + 4*k = -15, -25 = -8*r + 3*r - k. Calculate the highest common factor of 55 and r.
5
Suppose 5*h = -2*f + 47, -8*h + 58 = 3*f - 3*h. Calculate the greatest common factor of 77 and f.
11
Let c(t) = -t**3 - 18*t**2 + 12. Let j be c(-18). Calculate the highest common divisor of 18 and j.
6
Suppose -2*h = -6*h + 12. Suppose h*l = 4*l - 24. Calculate the highest common factor of l and 12.
12
Suppose -7*w + 2*w + 30 = -2*i, 3*w = -5*i - 13. Let t = i - -16. What is the greatest common divisor of t and 1?
1
Let u be 2*2/(-4) - -6. Let m be 15*(-1 + 17/u). Suppose -3*j = -3*g + m, -3*g - j = 3*j - 64. Calculate the highest common divisor of 128 and g.
16
Let a be (-3)/1 - 0 - -8. Suppose 2*k - 32 = 3*j, 80 = a*k - 0*j - 3*j. What is the greatest common divisor of k and 8?
8
Suppose -10*q + 75 = -9*q. Suppose 4*i + 60 = 4*t - 0*i, 0 = -5*t - 2*i + q. What is the greatest common factor of t and 3?
3
Let b = 84 - 60. What is the greatest common divisor of b and 6?
6
Let n(o) = o**2 - 7*o - 9. Let z be n(11). Calculate the highest common divisor of z and 5.
5
Let h(v) = v**3 + v**2 - 2*v + 44. Let l be h(0). What is the greatest common divisor of l and 22?
22
Suppose -5*s + 398 = -97. Suppose 4*c = 3*b - s, -3*c + 0*c + 33 = b. Calculate the greatest common factor of 3 and b.
3
Suppose 54 = -5*c - 31. Let l = 61 + c. What is the greatest common divisor of 4 and l?
4
Let w = 6 + 8. What is the greatest common factor of 7 and w?
7
Let x be (-24)/(-4)*(-24)/(-9). What is the greatest common factor of x and 64?
16
Let w(m) = m**3 + 9*m - 2. Let o be w(3). What is the highest common factor of 4 and o?
4
Let w(c) = -c + 1. Let t be w(-3). Suppose -442 = -0*s - 5*s - t*v, 0 = 4*v + 8. Calculate the highest common factor of s and 60.
30
Let n = 53 - 38. Calculate the greatest common divisor of n and 30.
15
Suppose 3*r - 133 = 59. Let g = -7 + 15. What is the greatest common divisor of r and g?
8
Let n(k) = -k**3 - 5*k**2 + 7*k + 9. Let a be n(-6). Let x = 11 - a. Calculate the greatest common factor of 88 and x.
8
Let q be (-13)/(-1) + -3 + 2. Let v = 3 + 15. What is the greatest common factor of q and v?
6
Let f be (-4 - -6 - 0) + 0. Calculate the highest common factor of f and 2.
2
Suppose 0 = -26*c + 25*c + 28. What is the highest common divisor of 14 and c?
14
Suppose -3*d + 6*d = 27. Let k be (-1)/3*(-378)/d. Calculate the highest common divisor of k and 21.
7
Let l be (3 + 0)/((-3)/(-8)). Let u be 2/l - (-153)/12. Calculate the highest common divisor of u and 117.
13
Let k be (2/(-1))/((-9)/126). What is the greatest common factor of k and 4?
4
Suppose -4*a = -4*l - 2*a + 40, -5*l + 5*a + 40 = 0. Let m(w) = -2 + 33*w + 1 - 7*w + 11*w. Let d be m(1). What is the highest common divisor of d and l?
12
Let z be 42*((-2)/3 + 1). Suppose 4*r - v = 36, 5*r - z = 2*v + 28. Calculate the highest common divisor of 80 and r.
10
Let t be 36/(-45)*55/(-2). What is the highest common factor of 55 and t?
11
Suppose -324 = -w + 81. What is the greatest common divisor of 45 and w?
45
Suppose 2 + 1 = 5*g + 2*j, g - 2*j - 3 = 0. Suppose y + 0 = -g. Let x = y + 2. What is the greatest common factor of x and 2?
1
Let c be 2/2 - (0 - 53). Suppose i + c = 4*i. Calculate the greatest common divisor of i and 18.
18
Suppose 12*t + 0*t - 1056 = 0. What is the highest common factor of t and 11?
11
Let y = 12 + 9. Calculate the greatest common factor of 147 and y.
21
Suppose -3*p - 4*l = -27, -p - l - 2 = -2*p. Suppose p*u - 2*y - 12 + 0 = 0, 2*y = -2. What is the highest common divisor of 1 and u?
1
Let p(w) = -w**2 - 9*w - 2. Let a be p(-6). Let y be (-24)/(-10)*(-60)/(-9). What is the highest common divisor of a and y?
16
Let w(b) = b - 4. Let x be w(7). Suppose -x*l - 22 = -4*l. Calculate the greatest common divisor of l and 55.
11
Let h be (-4 - (-48 - -3)) + 1. Calculate the greatest common divisor of h and 28.
14
Let q = 0 + 5. Let w(l) = 2*l**2 - l - 1. Let m(a) = 2*a**2 - a - 1. Let y(o) = 7*m(o) - 6*w(o). Let h be y(q). What is the highest common divisor of h and 11?
11
Let b(z) = z + 10. Let t be b(-7). Suppose -y + 8 = r, -r + 5*r - 31 = -t*y. What is the greatest common divisor of r and 56?
7
Suppose 0 = 3*f - 0 + 3. Let o be 16*(-3 - -1)*f. What is the highest common factor of o and 8?
8
Let z(p) be the third derivative of 5*p**4/24 + 6*p**2. Let n be z(7). Suppose -9*q = -4*q, -7 = -i - 2*q. What is the greatest common factor of i and n?
7
Suppose -5*p - 5*s + 105 = 0, 5*p + 2*s - 109 = -13. Let b = -2 - -14. Calculate the highest common divisor of p and b.
6
Let i = 77 - 67. What is the greatest common factor of i and 20?
10
Let v = -5 - -7. Suppose v*d - 3*d = -32. What is the highest common divisor of d and 8?
8
Let l = -1 - -75. Let j = l + 94. Calculate the greatest common factor of 24 and j.
24
Let n = -13 - -24. Calculate the greatest common factor of n and 121.
11
Let y = -1 - -5. Calculate the greatest common factor of y and 4.
4
Let l(c) = -3*c + 3. Let u(b) = -3*b + 3. Let n(y) = -5*l(y) + 6*u(y). Let s be n(-2). What is the highest common divisor of s and 63?
9
Let p(u) = 8 + 1 + u + u**3 + 4. Let g be p(0). Let d = g - 9. Calculate the greatest common factor of d and 2.
2
Suppose 4*t +